{"id":1,"date":"2016-03-17T05:29:01","date_gmt":"2016-03-17T08:29:01","guid":{"rendered":"http:\/\/correspondenciadeprensa.com\/?page_id=1"},"modified":"2024-03-21T11:22:07","modified_gmt":"2024-03-21T10:22:07","slug":"acerca-de","status":"publish","type":"page","link":"https:\/\/correspondenciadeprensa.com\/?page_id=1","title":{"rendered":"Qui\u00e9nes somos &#8211; Contactos"},"content":{"rendered":"\n<h1 class=\"wp-block-heading has-text-align-center\"><span style=\"color: #000000;\"><b>Correspondencia de Prensa<\/b><\/span><\/h1>\n\n\n\n<h5 class=\"wp-block-heading has-text-color has-link-color wp-elements-6c44d52b8011adc71c982d6aba566b30\" style=\"color:#010000\"><span style=\"color: #000000;\">Correspondencia de Prensa es un sitio web y un Bolet\u00edn informativo<\/span> fundado por Ernesto Herrera (Montevideo-Uruguay).<\/h5>\n\n\n\n<h5 class=\"wp-block-heading\"><span style=\"color: #000000;\">Pol\u00edtica y debates. Econom\u00eda. Derechos Humanos. Sindicatos. Movimientos sociales. Feminismo. Juventud. Inmigrantes. Lgbti. Medio Ambiente. Cultura.<\/span><\/h5>\n\n\n\n<h5 class=\"wp-block-heading\"><span style=\"color: #000000;\">Redacci\u00f3n y suscripciones:<\/span> <a href=\"mailto:correspondenciadeprensa@montevideo.com.uy\">correspondenciadeprensa@montevideo.com.uy<\/a><\/h5>\n\n\n\n<h1 class=\"wp-block-heading has-text-align-center\">&nbsp;<\/h1>\n\n\n\n<h3 class=\"wp-block-heading\">&nbsp;<\/h3>\n","protected":false},"excerpt":{"rendered":"<p>Correspondencia de Prensa Correspondencia de Prensa es un sitio web y un Bolet\u00edn informativo fundado por Ernesto Herrera (Montevideo-Uruguay). Pol\u00edtica y debates. Econom\u00eda. Derechos Humanos. Sindicatos. Movimientos sociales. Feminismo. Juventud. Inmigrantes. Lgbti. Medio Ambiente. Cultura. Redacci\u00f3n y suscripciones: correspondenciadeprensa@montevideo.com.uy &nbsp; &nbsp;<\/p>\n","protected":false},"author":102520410,"featured_media":13649,"parent":0,"menu_order":1,"comment_status":"closed","ping_status":"closed","template":"","meta":{"_coblocks_attr":"","_coblocks_dimensions":"","_coblocks_responsive_height":"","_coblocks_accordion_ie_support":"","_crdt_document":"","advanced_seo_description":"","jetpack_seo_html_title":"","jetpack_seo_noindex":false,"footnotes":""},"class_list":["post-1","page","type-page","status-publish","has-post-thumbnail","hentry"],"jetpack_likes_enabled":false,"jetpack_sharing_enabled":true,"jetpack_shortlink":"https:\/\/wp.me\/P7lt2C-1","amp_enabled":true,"_links":{"self":[{"href":"https:\/\/correspondenciadeprensa.com\/index.php?rest_route=\/wp\/v2\/pages\/1","targetHints":{"allow":["GET"]}}],"collection":[{"href":"https:\/\/correspondenciadeprensa.com\/index.php?rest_route=\/wp\/v2\/pages"}],"about":[{"href":"https:\/\/correspondenciadeprensa.com\/index.php?rest_route=\/wp\/v2\/types\/page"}],"author":[{"embeddable":true,"href":"https:\/\/correspondenciadeprensa.com\/index.php?rest_route=\/wp\/v2\/users\/102520410"}],"replies":[{"embeddable":true,"href":"https:\/\/correspondenciadeprensa.com\/index.php?rest_route=%2Fwp%2Fv2%2Fcomments&post=1"}],"version-history":[{"count":36,"href":"https:\/\/correspondenciadeprensa.com\/index.php?rest_route=\/wp\/v2\/pages\/1\/revisions"}],"predecessor-version":[{"id":40424,"href":"https:\/\/correspondenciadeprensa.com\/index.php?rest_route=\/wp\/v2\/pages\/1\/revisions\/40424"}],"wp:featuredmedia":[{"embeddable":true,"href":"https:\/\/correspondenciadeprensa.com\/index.php?rest_route=\/wp\/v2\/media\/13649"}],"wp:attachment":[{"href":"https:\/\/correspondenciadeprensa.com\/index.php?rest_route=%2Fwp%2Fv2%2Fmedia&parent=1"}],"curies":[{"name":"wp","href":"https:\/\/api.w.org\/{rel}","templated":true}]}}